s the units digit of p?
2
Let g be (-2)/5 - 48/5. Let n be (-50)/4*(-16)/g. What is the units digit of (35/n)/(1/(-4))?
7
Suppose -j - 3*u - 7 - 8 = 0, 3*j = 4*u + 20. Suppose -4*o + 4*v = -8, 0 = -v + 1 - j. What is the units digit of o?
3
Let k = -20 + 34. Suppose -k = -4*i + 2. What is the units digit of i?
4
Let h(s) = s**2 - s + 7. Let g be h(0). Let n = g - -7. What is the tens digit of n?
1
What is the tens digit of (-4)/(-6)*(5 + 31)?
2
Let r(j) = j**3 + 2 + 2 + 6*j - 3 + 7*j**2. Suppose -2*u = -n + 4, 0*n + u - 19 = 4*n. What is the units digit of r(n)?
1
Let b be 1 + (-3)/(0 + 3). Suppose -5*f + b*f = -115. What is the units digit of f?
3
Let n(a) = 0*a + 6 - 2*a + 0*a. What is the tens digit of n(-5)?
1
What is the units digit of 43 + (-8)/((-4)/(-1))?
1
Let m = -4 - -4. Suppose m = 2*b + 4*d - 30, 3*d = -3*b + 2*b + 18. What is the units digit of b?
9
Suppose -5*i = -49 + 184. Let r be (i - 0)*(-6)/9. Suppose 0 = 2*x - 3*s - r, x - s + 4 - 13 = 0. What is the units digit of x?
9
Suppose 3*b + 10 = -44. Let l = b - -27. What is the units digit of l?
9
Let q(v) = v**3 + 10*v**2 - 10*v + 11. Let g be q(-11). Suppose g = -4*t - 7 + 27. Suppose -m - 71 = -t*z, -2*z - 2*m - 67 = -7*z. What is the units digit of z?
5
Suppose 0 = 8*z - 20*z + 1716. What is the hundreds digit of z?
1
Let d = -2 + 4. Suppose d*g + 2*g = 72. What is the tens digit of g?
1
Let g = 19 + -8. Let w = g + -8. Suppose -5*y + 45 = 6*o - o, w*o + 15 = 0. What is the units digit of y?
4
Suppose x - 6*x = 0. Suppose 3*f - 5*f + 4 = x. What is the units digit of (1/3)/(f/42)?
7
Let x(y) = -y - 6. Let b(m) = 5*m - 15. Let v(i) = -3*i + 10. Let o(q) = 5*b(q) + 8*v(q). Let t(j) = -4*o(j) - 3*x(j). What is the units digit of t(-5)?
3
Suppose o = 3*q + 327, 553 = 3*o - q - 388. What is the hundreds digit of o?
3
Let z be 3164/35 - 2/5. Suppose -4*t = 2*n - z, -n - n = t - 87. What is the tens digit of n?
4
Let w(j) = -j + 10. What is the units digit of w(5)?
5
Let h(o) = -o + 0*o - o. Let k be h(1). What is the units digit of (-75)/(-12) - k/(-8)?
6
Suppose -1863 = -8*a - a. What is the tens digit of a?
0
Let i(n) = n + 7. Suppose 4*r = -r + 15. Suppose 0*k = 2*k + 5*j, -2*k = r*j. What is the units digit of i(k)?
7
Let r be -1 + -1 - (-8 - 1). Suppose -3*g - 24 = -r*g. What is the units digit of g?
6
Let r = 250 + -43. What is the units digit of r?
7
Suppose 2*z = 5*a + 24, z - 30 = 4*a + 3*z. Let j = 14 + -47. What is the units digit of 90/11 - a/j?
8
Suppose 4 = 2*b + 6. What is the units digit of (15/9 + b)*6?
4
Let m(s) = 2*s**3 - 2*s**2 - s - 1. Let i be m(2). What is the units digit of (2/10)/(1/i)?
1
Suppose 5*f = -2*o + 6*o + 65, -5*o = 2*f - 26. What is the tens digit of f?
1
Suppose 0 = -z - 3*z + 3*f + 153, 5*f = -4*z + 193. What is the units digit of z?
2
What is the tens digit of 1404/45 + 1/(-5)?
3
Suppose -4*i = i - 4*v - 32, 0 = -2*i - 3*v + 22. Suppose 4*q = 4*l - 24, 2*l + q = -q - i. What is the units digit of l?
1
Let b = -3 - -5. What is the tens digit of -4 + b + 10 + 3?
1
Suppose -3*a + 6*a - 3*i = -9, a - 3*i - 5 = 0. Let s(r) = -4 - 3*r - 3*r + 4*r - 7*r - r**2. What is the tens digit of s(a)?
1
Let j = 21 + -15. Suppose -j = -2*h + 2*t, -4*h + 8 = -2*t - 10. What is the units digit of h?
6
Let y be (4/(-3))/(3/9). Let i(t) = -t**3 - 5*t**2 - 5*t - 1. What is the units digit of i(y)?
3
Suppose -2*z = -3*k - 2*k + 44, 0 = -3*z + 9. What is the units digit of k?
0
Let k(i) = i**2 - 7*i + 3. Let b be k(7). Let p be 0 + b + (-2)/(-2). Let m = 3 + p. What is the units digit of m?
7
Suppose -5*u - 3*t + t = -78, -u - 3*t = -26. Let i = u - 8. Suppose n + 3*x = -4, -3*x + i*x - 4 = -5*n. What is the units digit of n?
2
Suppose 0 = -3*t - 0*q - 5*q + 59, -2*t + 30 = q. What is the units digit of t?
3
Let d(c) be the third derivative of 3/20*c**5 + 0 + 1/120*c**6 + 7/24*c**4 - c**2 + 0*c - 1/2*c**3. What is the units digit of d(-8)?
5
Let w be 0/((2 - -1) + -2). Let j(o) = -3*o**2 + 33*o - 11. Let z be j(10). Suppose 4*g - 16 = n + z, w = n - 5. What is the units digit of g?
0
Let w(d) be the first derivative of -14*d**2 - 3. Let s be w(-1). Let j = s - 15. What is the units digit of j?
3
Suppose -14 = -g - 5. What is the units digit of -21*(3 + (-33)/g)?
4
Let m = 135 + -86. What is the units digit of m?
9
Suppose 0 = 5*d - 5*v - 110, 5*d + v - 12 = 74. What is the tens digit of 1/3 - (-354)/d?
2
Let r be 1 + (-1)/(-2 - -1). Suppose n = -r*n - 3. What is the units digit of (n - -2) + (1 - 1)?
1
Suppose b + 1 = -0*b. What is the units digit of (8/b)/(2/(-1))?
4
Let j(h) = h**3 + 4*h**2 + h - 4. Let u be j(-3). Suppose -24 = -u*k - k. What is the units digit of k?
8
What is the tens digit of (48/(-60))/(4/(-170))?
3
Suppose 121 = 3*x - 50. What is the tens digit of x?
5
What is the hundreds digit of (4 + (3/(-6) - 4))*-500?
2
Suppose 0*v = v - 24. What is the tens digit of v?
2
What is the tens digit of (-18)/24*38/(-3)*2?
1
Suppose 3*o = 2 + 1. What is the units digit of o + -1 + 0 + 31?
1
Suppose -3*k + 2*k = -23. What is the tens digit of k?
2
Let n = 21 + -9. Let s = n - -2. What is the tens digit of s?
1
Let i(j) = -j**2 + 7*j - 6. Let t be i(8). Let a = t - -10. What is the tens digit of -28*1/a*2?
1
Suppose -x - 3*x - 2*c = -120, -2*c - 136 = -4*x. Let i = x - 16. What is the units digit of i?
6
Suppose -4*u = 5*c - 103, u - 31 = 5*c + 26. Suppose 3*v = -w + 16, -2*v + u = 2*w + 2*v. What is the units digit of w?
6
Let u(v) = 3*v - 4. Let o = 0 + 2. Let d = 2 + o. What is the units digit of u(d)?
8
Suppose o = 3*i + 3, 2*i + 1 = 3*o + 6. Let j = i - -14. What is the units digit of j?
2
Let b = 44 - 37. What is the units digit of b?
7
Suppose l + 24 = 5*l. Suppose -25 = -a + 5*r, 2*a + r - 23 = -l. What is the tens digit of a?
1
Let c(y) = 10*y**2 + 2*y + 1. Suppose 0 = -2*b - 0*b + 28. Let f be (-25)/35 - 4/b. What is the units digit of c(f)?
9
Suppose 3*n = -0*g - 3*g - 57, 3*n = -2*g - 35. Let t = -13 - g. What is the units digit of t?
9
Let v = -89 - -145. What is the units digit of v/6 + 4/(-12)?
9
Let x(k) = -5*k**3 - k**2 - 14*k + 7. Let s(o) = 4*o**3 + 2*o**2 + 13*o - 6. Let j(l) = -6*s(l) - 5*x(l). What is the units digit of j(8)?
1
Suppose 0 = 3*z - 9. Suppose 2*n + z = 4*d + 19, -5*d = -3*n + 25. What is the units digit of n?
0
Suppose -90 = -w - 2*w. What is the units digit of w?
0
Let v(s) = s**3 + 5*s**2 - s + 2. Let z be v(-5). Suppose 0 = -2*x + 2 - 8. Let q = z + x. What is the units digit of q?
4
Suppose 3*s - 3*o - 202 = -o, 4*o = -4*s + 256. What is the tens digit of s?
6
Let i be 10/4*(-24)/(-15). Suppose 24 = v + i*o, 4*o + 0 - 4 = 4*v. Suppose -4*x - d - 3*d + 36 = 0, 2*x - 5*d = v. What is the units digit of x?
7
Suppose -5*p + 18 = g - 72, 5*g - 369 = 2*p. What is the units digit of g?
5
Let v(o) = -4*o + 10. Let w be v(7). Let s = w + 35. What is the tens digit of s?
1
Suppose -6*j + 68 = -22. What is the tens digit of j?
1
Let h(g) = g. Let q(y) = 3*y - 3. Let v(x) = h(x) - q(x). What is the units digit of v(-3)?
9
Let v = 31 - 20. Let m = v - 4. What is the units digit of m?
7
Suppose -87 = -5*l + 23. What is the tens digit of l?
2
Suppose -2*g = -45 - 5. Suppose 0 = -2*y + 4*i - 7*i - 25, 5*y - 2*i + 53 = 0. Let m = y + g. What is the tens digit of m?
1
Let l(g) = -2*g + 1. Let w be l(-3). Suppose 4*b - w*b + 33 = 0. What is the tens digit of b?
1
Suppose -5*y + 996 = y. What is the units digit of y?
6
Let b(s) = -2*s**3 + 10*s + 3. What is the tens digit of b(-4)?
9
Suppose -i + 3*a - 15 = 0, 3*i - 2*a + 5 = -5. Let k = 1 - i. Let q = k - -6. What is the units digit of q?
7
Let j(l) = l + 26. What is the units digit of j(0)?
6
Let w(f) = f**3 + 15*f**2 + 15*f + 19. What is the units digit of w(-14)?
5
Let x(q) = -q + 7. Let o be x(9). Let m be -4 - 1*(o - -1). What is the units digit of (-1)/((-3)/(-10))*m?
0
Suppose 3*r + 0*r = 6. Suppose 4*n - 3*h - r = 5, 4*h - 12 = 0. Suppose -3*g = -2 - n. What is the units digit of g?
2
What is the units digit of 262/5 - 9/(-15)?
3
Let q = -59 + 41. Let n be 6/15*(1 - 86). Let t = q - n. What is the tens digit of t?
1
Let z(y) = 3*y + 46. What is the tens digit of z(6)?
6
Let h be 3*2/(-3)*-1. Suppose -s - 5 = -3. What is the units digit of ((-1)/s)/(h/36)?
9
Suppose 5*z - 9 - 1 